{"id":2,"date":"2016-05-10T03:48:21","date_gmt":"2016-05-10T03:48:21","guid":{"rendered":"http:\/\/wp452m.a10-52-158-154.qa.plesk.ru\/wordpress\/?page_id=2"},"modified":"2026-03-06T15:57:45","modified_gmt":"2026-03-06T15:57:45","slug":"sample-page","status":"publish","type":"page","link":"http:\/\/nikoletta-skinbeauty.de\/","title":{"rendered":"HERZLICH WILLKOMMEN"},"content":{"rendered":"<h2 style=\"text-align: center;\"><span style=\"color: #c9a74a;\">bei Nikoletta Skin &amp; Beauty<\/span><\/h2>\n<p style=\"text-align: center;\">\n<\/p><p style=\"text-align: center;\">Wohlf\u00fchlen beginnt mit sch\u00f6ner Haut: strahlt sie, dann strahlen auch wir. Grund genug, ihr besondere Aufmerksamkeit zu schenken.<\/p>\n<p style=\"text-align: center;\">Schon immer war es mir eine Herzensangelegenheit, das sch\u00f6nste Funkeln und Strahlen in jedem Gesicht zu entdecken und hervorzuheben. Deshalb gr\u00fcndete ich 2016 mein Kosmetikinstitut in Gro\u00dfhansdorf, im Dienst der Sch\u00f6nheit und des Wohlbefindens.<\/p>\n<h4 style=\"text-align: center;\"><span style=\"color: #c9a74a;\">Skin &amp; Beauty \u2013 mehr als ein Kosmetikinstitut.<\/span><\/h4>\n<p style=\"text-align: center;\">Lassen Sie sich bei uns in einer entspannten und diskreten Atmosph\u00e4re verw\u00f6hnen und genie\u00dfen Sie ganz individuelle Behandlungen. F\u00fcr einen ganzheitlichen Wohlf\u00fchlfaktor bietet Nikoletta Skin &amp; Beauty eine umfangreiche Auswahl von Anwendungen, in Einheit mit qualitativ hochwertigen Pflegeprodukten wie Janssen Cosmetics und mehr.<\/p>\n<h4 style=\"text-align: center;\"><span style=\"color: #c9a74a;\">Entfliehen Sie dem Alltagsstress und tanken Sie neue Energie.<\/span><\/h4>\n<p style=\"text-align: center;\">Abgestimmt auf Ihren Hauttypen und pers\u00f6nlichen W\u00fcnschen, erstelle ich anhand von Pflegekonzepten, ein langfristiges Konzept f\u00fcr Ihre Heimpflege, denn jede Haut ist sch\u00f6n, wenn Sie die richtige Pflege erh\u00e4lt.<\/p>\n<p style=\"text-align: center;\">Viele weitere und neue Behandlungen warten auf Sie! \u00dcberzeugen Sie sich auf den folgenden Seiten und kommen Sie gerne vorbei!<\/p>\n<p style=\"text-align: center;\">Auf Ihren Besuch freuen wir uns<\/p>\n<p style=\"text-align: center;\">Nikoletta Tsakiris und Mitarbeiterin Svenja Heinrich<\/p>\n<figure id=\"attachment_694\" aria-describedby=\"caption-attachment-694\" style=\"width: 300px\" class=\"wp-caption aligncenter\"><img loading=\"lazy\" class=\"size-medium wp-image-694\" src=\"http:\/\/nikoletta-skinbeauty.de\/wp-content\/uploads\/2018\/02\/Nikoletta_T_Skin-BEAUTY1000x1000-300x300.jpg\" alt=\"\" width=\"300\" height=\"300\" srcset=\"http:\/\/nikoletta-skinbeauty.de\/wp-content\/uploads\/2018\/02\/Nikoletta_T_Skin-BEAUTY1000x1000-300x300.jpg 300w, http:\/\/nikoletta-skinbeauty.de\/wp-content\/uploads\/2018\/02\/Nikoletta_T_Skin-BEAUTY1000x1000-150x150.jpg 150w, http:\/\/nikoletta-skinbeauty.de\/wp-content\/uploads\/2018\/02\/Nikoletta_T_Skin-BEAUTY1000x1000-768x768.jpg 768w, http:\/\/nikoletta-skinbeauty.de\/wp-content\/uploads\/2018\/02\/Nikoletta_T_Skin-BEAUTY1000x1000-370x370.jpg 370w, http:\/\/nikoletta-skinbeauty.de\/wp-content\/uploads\/2018\/02\/Nikoletta_T_Skin-BEAUTY1000x1000.jpg 1000w\" sizes=\"(max-width: 300px) 100vw, 300px\" \/><figcaption id=\"caption-attachment-694\" class=\"wp-caption-text\">Nikoletta Tsakiris<\/figcaption><\/figure>\n<figure id=\"attachment_694\" aria-describedby=\"caption-attachment-694\" style=\"width: 300px\" class=\"wp-caption aligncenter\"><img loading=\"lazy\" class=\"size-medium wp-image-694\" src=\"http:\/\/nikoletta-skinbeauty.de\/wp-content\/uploads\/2024\/06\/Svenja-Heinrich-e1718223064431.jpg\" alt=\"\" width=\"300\" height=\"300\"><figcaption id=\"caption-attachment-694\" class=\"wp-caption-text\">Svenja Heinrich<\/figcaption><\/figure>\n\n\n<hr class=\"wp-block-separator\"\/>\n\n\n\n<div class=\"wp-container-69d92730bd5fe wp-block-buttons\">\n<div class=\"wp-block-button aligncenter\"><a class=\"wp-block-button__link\" href=\"http:\/\/nikoletta-skinbeauty.de\/?page_id=1588\" rel=\"http:\/\/nikoletta-skinbeauty.de\/?page_id=1588\">Jetzt Termin buchen<\/a><\/div>\n<\/div>\n\n\n\n<div class=\"wp-block-columns\">\n<div class=\"wp-block-column\"><\/div>\n<\/div>\n\n\n\n<p><\/p>\n","protected":false},"excerpt":{"rendered":"<p>bei Nikoletta Skin &amp; Beauty Wohlf\u00fchlen beginnt mit sch\u00f6ner Haut: strahlt sie, dann strahlen auch wir. Grund genug, ihr besondere Aufmerksamkeit zu schenken. Schon immer war es mir eine Herzensangelegenheit, das sch\u00f6nste Funkeln und Strahlen[&#8230;]<\/p>\n","protected":false},"author":1,"featured_media":0,"parent":0,"menu_order":0,"comment_status":"closed","ping_status":"open","template":"","meta":{"_themeisle_gutenberg_block_has_review":false},"_links":{"self":[{"href":"http:\/\/nikoletta-skinbeauty.de\/index.php?rest_route=\/wp\/v2\/pages\/2"}],"collection":[{"href":"http:\/\/nikoletta-skinbeauty.de\/index.php?rest_route=\/wp\/v2\/pages"}],"about":[{"href":"http:\/\/nikoletta-skinbeauty.de\/index.php?rest_route=\/wp\/v2\/types\/page"}],"author":[{"embeddable":true,"href":"http:\/\/nikoletta-skinbeauty.de\/index.php?rest_route=\/wp\/v2\/users\/1"}],"replies":[{"embeddable":true,"href":"http:\/\/nikoletta-skinbeauty.de\/index.php?rest_route=%2Fwp%2Fv2%2Fcomments&post=2"}],"version-history":[{"count":130,"href":"http:\/\/nikoletta-skinbeauty.de\/index.php?rest_route=\/wp\/v2\/pages\/2\/revisions"}],"predecessor-version":[{"id":1592,"href":"http:\/\/nikoletta-skinbeauty.de\/index.php?rest_route=\/wp\/v2\/pages\/2\/revisions\/1592"}],"wp:attachment":[{"href":"http:\/\/nikoletta-skinbeauty.de\/index.php?rest_route=%2Fwp%2Fv2%2Fmedia&parent=2"}],"curies":[{"name":"wp","href":"https:\/\/api.w.org\/{rel}","templated":true}]}}